{"id":24,"date":"2006-11-05T18:04:18","date_gmt":"2006-11-05T17:04:18","guid":{"rendered":"http:\/\/www.schlamann-gmbh.de\/site\/sitemaps\/"},"modified":"2006-11-05T18:04:18","modified_gmt":"2006-11-05T17:04:18","slug":"sitemaps","status":"publish","type":"page","link":"https:\/\/www.schlamann-gmbh.de\/site\/sitemaps\/","title":{"rendered":"Sitemap"},"content":{"rendered":"<p><!-- ddsitemapgen --><\/p>\n","protected":false},"excerpt":{"rendered":"","protected":false},"author":1,"featured_media":0,"parent":0,"menu_order":0,"comment_status":"closed","ping_status":"closed","template":"","meta":{"iawp_total_views":2,"footnotes":""},"class_list":["post-24","page","type-page","status-publish","hentry"],"yoast_head":"<!-- This site is optimized with the Yoast SEO plugin v27.5 - https:\/\/yoast.com\/product\/yoast-seo-wordpress\/ -->\n<title>Sitemap &#187; Uwe Schlamann GmbH<\/title>\n<meta name=\"robots\" content=\"index, follow, max-snippet:-1, max-image-preview:large, max-video-preview:-1\" \/>\n<link rel=\"canonical\" href=\"https:\/\/www.schlamann-gmbh.de\/site\/sitemaps\/\" \/>\n<meta property=\"og:locale\" content=\"de_DE\" \/>\n<meta property=\"og:type\" content=\"article\" \/>\n<meta property=\"og:title\" content=\"Sitemap &#187; Uwe Schlamann GmbH\" \/>\n<meta property=\"og:url\" content=\"https:\/\/www.schlamann-gmbh.de\/site\/sitemaps\/\" \/>\n<meta property=\"og:site_name\" content=\"Uwe Schlamann GmbH\" \/>\n<meta property=\"article:publisher\" content=\"https:\/\/www.facebook.com\/schlamann.gmbh\" \/>\n<meta name=\"twitter:card\" content=\"summary_large_image\" \/>\n<script type=\"application\/ld+json\" class=\"yoast-schema-graph\">{\"@context\":\"https:\\\/\\\/schema.org\",\"@graph\":[{\"@type\":\"WebPage\",\"@id\":\"https:\\\/\\\/www.schlamann-gmbh.de\\\/site\\\/sitemaps\\\/\",\"url\":\"https:\\\/\\\/www.schlamann-gmbh.de\\\/site\\\/sitemaps\\\/\",\"name\":\"Sitemap &#187; Uwe Schlamann GmbH\",\"isPartOf\":{\"@id\":\"https:\\\/\\\/www.schlamann-gmbh.de\\\/site\\\/#website\"},\"datePublished\":\"2006-11-05T17:04:18+00:00\",\"breadcrumb\":{\"@id\":\"https:\\\/\\\/www.schlamann-gmbh.de\\\/site\\\/sitemaps\\\/#breadcrumb\"},\"inLanguage\":\"de\",\"potentialAction\":[{\"@type\":\"ReadAction\",\"target\":[\"https:\\\/\\\/www.schlamann-gmbh.de\\\/site\\\/sitemaps\\\/\"]}]},{\"@type\":\"BreadcrumbList\",\"@id\":\"https:\\\/\\\/www.schlamann-gmbh.de\\\/site\\\/sitemaps\\\/#breadcrumb\",\"itemListElement\":[{\"@type\":\"ListItem\",\"position\":1,\"name\":\"Startseite\",\"item\":\"https:\\\/\\\/www.schlamann-gmbh.de\\\/site\\\/\"},{\"@type\":\"ListItem\",\"position\":2,\"name\":\"Sitemap\"}]},{\"@type\":\"WebSite\",\"@id\":\"https:\\\/\\\/www.schlamann-gmbh.de\\\/site\\\/#website\",\"url\":\"https:\\\/\\\/www.schlamann-gmbh.de\\\/site\\\/\",\"name\":\"Uwe Schlamann GmbH - Feuerl\u00f6scher, Flurpl\u00e4ne, Feuerwehrpl\u00e4ne, Wandhydranten, Brandschutz\",\"description\":\"Die Uwe Schlamann GmbH ist Ihr Experte f\u00fcr Brandschutz. Wir vertreiben und warten Feuerl\u00f6schger\u00e4te. Wir erstellen Flucht-, Rettungs- und Feuerwehrpl\u00e4ne. Wir warten u.a. Wandhydranten, RWA-Anlagen und Brandschutzt\u00fcren.\",\"publisher\":{\"@id\":\"https:\\\/\\\/www.schlamann-gmbh.de\\\/site\\\/#organization\"},\"potentialAction\":[{\"@type\":\"SearchAction\",\"target\":{\"@type\":\"EntryPoint\",\"urlTemplate\":\"https:\\\/\\\/www.schlamann-gmbh.de\\\/site\\\/?s={search_term_string}\"},\"query-input\":{\"@type\":\"PropertyValueSpecification\",\"valueRequired\":true,\"valueName\":\"search_term_string\"}}],\"inLanguage\":\"de\"},{\"@type\":\"Organization\",\"@id\":\"https:\\\/\\\/www.schlamann-gmbh.de\\\/site\\\/#organization\",\"name\":\"Uwe Schlamann GmbH\",\"url\":\"https:\\\/\\\/www.schlamann-gmbh.de\\\/site\\\/\",\"logo\":{\"@type\":\"ImageObject\",\"inLanguage\":\"de\",\"@id\":\"https:\\\/\\\/www.schlamann-gmbh.de\\\/site\\\/#\\\/schema\\\/logo\\\/image\\\/\",\"url\":\"http:\\\/\\\/www.schlamann-gmbh.de\\\/site\\\/wp-content\\\/uploads\\\/2021\\\/09\\\/Logo1_cropped-1024x514.png\",\"contentUrl\":\"http:\\\/\\\/www.schlamann-gmbh.de\\\/site\\\/wp-content\\\/uploads\\\/2021\\\/09\\\/Logo1_cropped-1024x514.png\",\"width\":1024,\"height\":514,\"caption\":\"Uwe Schlamann GmbH\"},\"image\":{\"@id\":\"https:\\\/\\\/www.schlamann-gmbh.de\\\/site\\\/#\\\/schema\\\/logo\\\/image\\\/\"},\"sameAs\":[\"https:\\\/\\\/www.facebook.com\\\/schlamann.gmbh\"]}]}<\/script>\n<!-- \/ Yoast SEO plugin. -->","yoast_head_json":{"title":"Sitemap &#187; Uwe Schlamann GmbH","robots":{"index":"index","follow":"follow","max-snippet":"max-snippet:-1","max-image-preview":"max-image-preview:large","max-video-preview":"max-video-preview:-1"},"canonical":"https:\/\/www.schlamann-gmbh.de\/site\/sitemaps\/","og_locale":"de_DE","og_type":"article","og_title":"Sitemap &#187; Uwe Schlamann GmbH","og_url":"https:\/\/www.schlamann-gmbh.de\/site\/sitemaps\/","og_site_name":"Uwe Schlamann GmbH","article_publisher":"https:\/\/www.facebook.com\/schlamann.gmbh","twitter_card":"summary_large_image","schema":{"@context":"https:\/\/schema.org","@graph":[{"@type":"WebPage","@id":"https:\/\/www.schlamann-gmbh.de\/site\/sitemaps\/","url":"https:\/\/www.schlamann-gmbh.de\/site\/sitemaps\/","name":"Sitemap &#187; Uwe Schlamann GmbH","isPartOf":{"@id":"https:\/\/www.schlamann-gmbh.de\/site\/#website"},"datePublished":"2006-11-05T17:04:18+00:00","breadcrumb":{"@id":"https:\/\/www.schlamann-gmbh.de\/site\/sitemaps\/#breadcrumb"},"inLanguage":"de","potentialAction":[{"@type":"ReadAction","target":["https:\/\/www.schlamann-gmbh.de\/site\/sitemaps\/"]}]},{"@type":"BreadcrumbList","@id":"https:\/\/www.schlamann-gmbh.de\/site\/sitemaps\/#breadcrumb","itemListElement":[{"@type":"ListItem","position":1,"name":"Startseite","item":"https:\/\/www.schlamann-gmbh.de\/site\/"},{"@type":"ListItem","position":2,"name":"Sitemap"}]},{"@type":"WebSite","@id":"https:\/\/www.schlamann-gmbh.de\/site\/#website","url":"https:\/\/www.schlamann-gmbh.de\/site\/","name":"Uwe Schlamann GmbH - Feuerl\u00f6scher, Flurpl\u00e4ne, Feuerwehrpl\u00e4ne, Wandhydranten, Brandschutz","description":"Die Uwe Schlamann GmbH ist Ihr Experte f\u00fcr Brandschutz. Wir vertreiben und warten Feuerl\u00f6schger\u00e4te. Wir erstellen Flucht-, Rettungs- und Feuerwehrpl\u00e4ne. Wir warten u.a. Wandhydranten, RWA-Anlagen und Brandschutzt\u00fcren.","publisher":{"@id":"https:\/\/www.schlamann-gmbh.de\/site\/#organization"},"potentialAction":[{"@type":"SearchAction","target":{"@type":"EntryPoint","urlTemplate":"https:\/\/www.schlamann-gmbh.de\/site\/?s={search_term_string}"},"query-input":{"@type":"PropertyValueSpecification","valueRequired":true,"valueName":"search_term_string"}}],"inLanguage":"de"},{"@type":"Organization","@id":"https:\/\/www.schlamann-gmbh.de\/site\/#organization","name":"Uwe Schlamann GmbH","url":"https:\/\/www.schlamann-gmbh.de\/site\/","logo":{"@type":"ImageObject","inLanguage":"de","@id":"https:\/\/www.schlamann-gmbh.de\/site\/#\/schema\/logo\/image\/","url":"http:\/\/www.schlamann-gmbh.de\/site\/wp-content\/uploads\/2021\/09\/Logo1_cropped-1024x514.png","contentUrl":"http:\/\/www.schlamann-gmbh.de\/site\/wp-content\/uploads\/2021\/09\/Logo1_cropped-1024x514.png","width":1024,"height":514,"caption":"Uwe Schlamann GmbH"},"image":{"@id":"https:\/\/www.schlamann-gmbh.de\/site\/#\/schema\/logo\/image\/"},"sameAs":["https:\/\/www.facebook.com\/schlamann.gmbh"]}]}},"_links":{"self":[{"href":"https:\/\/www.schlamann-gmbh.de\/site\/wp-json\/wp\/v2\/pages\/24","targetHints":{"allow":["GET"]}}],"collection":[{"href":"https:\/\/www.schlamann-gmbh.de\/site\/wp-json\/wp\/v2\/pages"}],"about":[{"href":"https:\/\/www.schlamann-gmbh.de\/site\/wp-json\/wp\/v2\/types\/page"}],"author":[{"embeddable":true,"href":"https:\/\/www.schlamann-gmbh.de\/site\/wp-json\/wp\/v2\/users\/1"}],"replies":[{"embeddable":true,"href":"https:\/\/www.schlamann-gmbh.de\/site\/wp-json\/wp\/v2\/comments?post=24"}],"version-history":[{"count":0,"href":"https:\/\/www.schlamann-gmbh.de\/site\/wp-json\/wp\/v2\/pages\/24\/revisions"}],"wp:attachment":[{"href":"https:\/\/www.schlamann-gmbh.de\/site\/wp-json\/wp\/v2\/media?parent=24"}],"curies":[{"name":"wp","href":"https:\/\/api.w.org\/{rel}","templated":true}]}}